{"id":1490,"date":"2022-03-04T03:43:38","date_gmt":"2022-03-04T03:43:38","guid":{"rendered":"http:\/\/elearnika.com\/index.php\/about\/"},"modified":"2024-09-18T15:57:17","modified_gmt":"2024-09-18T15:57:17","slug":"about","status":"publish","type":"page","link":"https:\/\/elearnika.com\/index.php\/about\/","title":{"rendered":"Quienes somos"},"content":{"rendered":"\n<div class=\"wp-block-uagb-container uagb-block-29ef4d0a alignfull uagb-is-root-container\"><div class=\"uagb-container-inner-blocks-wrap\">\n<div class=\"wp-block-uagb-info-box uagb-block-b0c80c9b uagb-infobox__content-wrap  uagb-infobox-icon-above-title uagb-infobox-image-valign-top\"><div class=\"uagb-ifb-content\"><div class=\"uagb-ifb-title-wrap\"><span class=\"uagb-ifb-title-prefix\">Quienes somos<\/span><h4 class=\"uagb-ifb-title\">Bienvenidos a eLearnika<\/h4><\/div><p class=\"uagb-ifb-desc\">Un espacio de formaci\u00f3n empresarial y acad\u00e9mica de calidad<\/p><\/div><\/div>\n<\/div><\/div>\n\n\n\n<div class=\"wp-block-uagb-container uagb-block-4684165d alignfull uagb-is-root-container\"><div class=\"uagb-container-inner-blocks-wrap\">\n<div class=\"wp-block-uagb-container uagb-block-88fa57a8\">\n<div class=\"wp-block-uagb-container uagb-block-c8680c47\">\n<div class=\"wp-block-uagb-info-box uagb-block-4303cf8d uagb-infobox__content-wrap  uagb-infobox-icon-above-title uagb-infobox-image-valign-top\"><div class=\"uagb-ifb-content\"><div class=\"uagb-ifb-title-wrap\"><div class=\"uagb-ifb-separator\"><\/div><h3 class=\"uagb-ifb-title\">Acerca de nosotros<\/h3><\/div><p class=\"uagb-ifb-desc\">En eLearnika, nos dedicamos a potenciar el \u00e9xito empresarial y acad\u00e9mico de nuestros clientes a trav\u00e9s de servicios de capacitaci\u00f3n empresarial y asesoramiento educativo de alta calidad. Con una combinaci\u00f3n de experiencia, compromiso y enfoque personalizado, estamos aqu\u00ed para ayudarte a alcanzar tus metas tanto en el \u00e1mbito acad\u00e9mico como en el empresarial.<\/p><\/div><\/div>\n<\/div>\n\n\n\n<div class=\"wp-block-uagb-container uagb-block-e56f0caf\">\n<div class=\"wp-block-uagb-info-box uagb-block-3cd15b77 uagb-infobox__content-wrap  uagb-infobox-icon-above-title uagb-infobox-image-valign-top\"><div class=\"uagb-ifb-content\"><div class=\"uagb-ifb-title-wrap\"><div class=\"uagb-ifb-separator\"><\/div><h3 class=\"uagb-ifb-title\">Nuestra Misi\u00f3n<\/h3><\/div><p class=\"uagb-ifb-desc\">Proporcionar a nuestros clientes las herramientas y el apoyo necesarios para sobresalir en formaci\u00f3n empresarial y proyectos acad\u00e9micos. Creemos en el poder de la educaci\u00f3n para transformar vidas y estamos comprometidos a hacer nuestra parte para facilitar ese proceso.<\/p><\/div><\/div>\n<\/div>\n\n\n\n<div class=\"wp-block-uagb-container uagb-block-d6735762\">\n<div class=\"wp-block-uagb-info-box uagb-block-66216bbb uagb-infobox__content-wrap  uagb-infobox-icon-above-title uagb-infobox-image-valign-top\"><div class=\"uagb-ifb-content\"><div class=\"uagb-ifb-title-wrap\"><div class=\"uagb-ifb-separator\"><\/div><h3 class=\"uagb-ifb-title\">\u00bfQu\u00e9 hacemos?<\/h3><\/div><\/div><\/div>\n\n\n\n<div class=\"wp-block-uagb-icon-list uagb-block-65bb38a1\"><div class=\"uagb-icon-list__wrap\">\n<div class=\"wp-block-uagb-icon-list-child uagb-block-db75f0ce\"><span class=\"uagb-icon-list__source-wrap\"><svg xmlns=\"https:\/\/www.w3.org\/2000\/svg\" viewBox=\"0 0 256 512\"><path d=\"M118.6 105.4l128 127.1C252.9 239.6 256 247.8 256 255.1s-3.125 16.38-9.375 22.63l-128 127.1c-9.156 9.156-22.91 11.9-34.88 6.943S64 396.9 64 383.1V128c0-12.94 7.781-24.62 19.75-29.58S109.5 96.23 118.6 105.4z\"><\/path><\/svg><\/span><span class=\"uagb-icon-list__label\">Capacitaci\u00f3n Empresarial\u200b<\/span><\/div>\n\n\n\n<div class=\"wp-block-uagb-icon-list-child uagb-block-da1a2cd0\"><span class=\"uagb-icon-list__source-wrap\"><svg xmlns=\"https:\/\/www.w3.org\/2000\/svg\" viewBox=\"0 0 256 512\"><path d=\"M118.6 105.4l128 127.1C252.9 239.6 256 247.8 256 255.1s-3.125 16.38-9.375 22.63l-128 127.1c-9.156 9.156-22.91 11.9-34.88 6.943S64 396.9 64 383.1V128c0-12.94 7.781-24.62 19.75-29.58S109.5 96.23 118.6 105.4z\"><\/path><\/svg><\/span><span class=\"uagb-icon-list__label\">Formaci\u00f3n L\u00fadica\u200b<\/span><\/div>\n\n\n\n<div class=\"wp-block-uagb-icon-list-child uagb-block-50867c18\"><span class=\"uagb-icon-list__source-wrap\"><svg xmlns=\"https:\/\/www.w3.org\/2000\/svg\" viewBox=\"0 0 256 512\"><path d=\"M118.6 105.4l128 127.1C252.9 239.6 256 247.8 256 255.1s-3.125 16.38-9.375 22.63l-128 127.1c-9.156 9.156-22.91 11.9-34.88 6.943S64 396.9 64 383.1V128c0-12.94 7.781-24.62 19.75-29.58S109.5 96.23 118.6 105.4z\"><\/path><\/svg><\/span><span class=\"uagb-icon-list__label\">Transformaci\u00f3n Digital<\/span><\/div>\n\n\n\n<div class=\"wp-block-uagb-icon-list-child uagb-block-ef131c19\"><span class=\"uagb-icon-list__source-wrap\"><svg xmlns=\"https:\/\/www.w3.org\/2000\/svg\" viewBox=\"0 0 256 512\"><path d=\"M118.6 105.4l128 127.1C252.9 239.6 256 247.8 256 255.1s-3.125 16.38-9.375 22.63l-128 127.1c-9.156 9.156-22.91 11.9-34.88 6.943S64 396.9 64 383.1V128c0-12.94 7.781-24.62 19.75-29.58S109.5 96.23 118.6 105.4z\"><\/path><\/svg><\/span><span class=\"uagb-icon-list__label\">Asesor\u00edas de Startup<\/span><\/div>\n\n\n\n<div class=\"wp-block-uagb-icon-list-child uagb-block-cc9fbef3\"><span class=\"uagb-icon-list__source-wrap\"><svg xmlns=\"https:\/\/www.w3.org\/2000\/svg\" viewBox=\"0 0 256 512\"><path d=\"M118.6 105.4l128 127.1C252.9 239.6 256 247.8 256 255.1s-3.125 16.38-9.375 22.63l-128 127.1c-9.156 9.156-22.91 11.9-34.88 6.943S64 396.9 64 383.1V128c0-12.94 7.781-24.62 19.75-29.58S109.5 96.23 118.6 105.4z\"><\/path><\/svg><\/span><span class=\"uagb-icon-list__label\">Coaching and Mentoring\u200b<\/span><\/div>\n\n\n\n<div class=\"wp-block-uagb-icon-list-child uagb-block-f431c1d6\"><span class=\"uagb-icon-list__source-wrap\"><svg xmlns=\"https:\/\/www.w3.org\/2000\/svg\" viewBox=\"0 0 256 512\"><path d=\"M118.6 105.4l128 127.1C252.9 239.6 256 247.8 256 255.1s-3.125 16.38-9.375 22.63l-128 127.1c-9.156 9.156-22.91 11.9-34.88 6.943S64 396.9 64 383.1V128c0-12.94 7.781-24.62 19.75-29.58S109.5 96.23 118.6 105.4z\"><\/path><\/svg><\/span><span class=\"uagb-icon-list__label\">Direcci\u00f3n Estrat\u00e9gica\u200b<\/span><\/div>\n<\/div><\/div>\n<\/div>\n<\/div>\n<\/div><\/div>\n\n\n\n<div class=\"wp-block-uagb-container uagb-block-44091e95 alignfull uagb-is-root-container\"><div class=\"uagb-container-inner-blocks-wrap\">\n<div class=\"wp-block-uagb-advanced-heading uagb-block-c8b198dc\"><h2 class=\"uagb-heading-text\">Nuestros Objetivos<\/h2><\/div>\n\n\n\n<div class=\"wp-block-uagb-container uagb-block-fec480d8\">\n<div class=\"wp-block-uagb-container uagb-block-8bab92a4\">\n<div class=\"wp-block-uagb-info-box uagb-block-19bd031f uagb-infobox__content-wrap  uagb-infobox-icon-above-title uagb-infobox-image-valign-top\"><div class=\"uagb-ifb-content\"><div class=\"uagb-ifb-title-wrap\"><span class=\"uagb-ifb-title-prefix\">01.<\/span><h4 class=\"uagb-ifb-title\">Capacitar<\/h4><\/div><p class=\"uagb-ifb-desc\">Fortalecer las capacidades individuales y colectivas a trav\u00e9s del conocimiento y desarrollo intelectual.<\/p><\/div><\/div>\n<\/div>\n\n\n\n<div class=\"wp-block-uagb-container uagb-block-df0bb4c9\">\n<div class=\"wp-block-uagb-info-box uagb-block-a1db9151 uagb-infobox__content-wrap  uagb-infobox-icon-above-title uagb-infobox-image-valign-top\"><div class=\"uagb-ifb-content\"><div class=\"uagb-ifb-title-wrap\"><span class=\"uagb-ifb-title-prefix\">02.<\/span><h4 class=\"uagb-ifb-title\">Coach<\/h4><\/div><p class=\"uagb-ifb-desc\">Impulsar las habilidades y actitudes individuales con el fin de lograr los objetivos propuestos en el \u00e1mbito personal.<\/p><\/div><\/div>\n<\/div>\n\n\n\n<div class=\"wp-block-uagb-container uagb-block-791c3ae0\">\n<div class=\"wp-block-uagb-info-box uagb-block-f96e0d85 uagb-infobox__content-wrap  uagb-infobox-icon-above-title uagb-infobox-image-valign-top\"><div class=\"uagb-ifb-content\"><div class=\"uagb-ifb-title-wrap\"><span class=\"uagb-ifb-title-prefix\">03.<\/span><h4 class=\"uagb-ifb-title\">Cultura empresarial<\/h4><\/div><p class=\"uagb-ifb-desc\">Fomentar la cultura empresarial definiendo el conjunto de valores, objetivos, ideales, misi\u00f3n y visi\u00f3n que identifican a una organizaci\u00f3n.<\/p><\/div><\/div>\n<\/div>\n<\/div>\n\n\n\n<div class=\"wp-block-uagb-container uagb-block-85ad8b63\">\n<div class=\"wp-block-uagb-container uagb-block-6ca44517\">\n<div class=\"wp-block-uagb-info-box uagb-block-6bec6a86 uagb-infobox__content-wrap  uagb-infobox-icon-above-title uagb-infobox-image-valign-top\"><div class=\"uagb-ifb-content\"><div class=\"uagb-ifb-title-wrap\"><span class=\"uagb-ifb-title-prefix\">04.<\/span><h4 class=\"uagb-ifb-title\">Transformaci\u00f3n digital<\/h4><\/div><p class=\"uagb-ifb-desc\">Crea una cultura digital que beneficie a la organizaci\u00f3n con metodolog\u00edas y procesos \u00e1giles.<\/p><\/div><\/div>\n<\/div>\n\n\n\n<div class=\"wp-block-uagb-container uagb-block-88ae6abf\">\n<div class=\"wp-block-uagb-info-box uagb-block-2dba8a78 uagb-infobox__content-wrap  uagb-infobox-icon-above-title uagb-infobox-image-valign-top\"><div class=\"uagb-ifb-content\"><div class=\"uagb-ifb-title-wrap\"><span class=\"uagb-ifb-title-prefix\">05.<\/span><h4 class=\"uagb-ifb-title\">Mentoring<\/h4><\/div><p class=\"uagb-ifb-desc\">Promover el desarrollo personal y profesional a trav\u00e9s del intercambio de conocimientos, experiencias y destrezas.<\/p><\/div><\/div>\n<\/div>\n\n\n\n<div class=\"wp-block-uagb-container uagb-block-e1f41b1f\">\n<div class=\"wp-block-uagb-info-box uagb-block-95080272 uagb-infobox__content-wrap  uagb-infobox-icon-above-title uagb-infobox-image-valign-top\"><div class=\"uagb-ifb-content\"><div class=\"uagb-ifb-title-wrap\"><span class=\"uagb-ifb-title-prefix\">06.<\/span><h4 class=\"uagb-ifb-title\">Direcci\u00f3n Estrat\u00e9gica\u200b<\/h4><\/div><p class=\"uagb-ifb-desc\">Asesorar a los l\u00edderes en temas de direcci\u00f3n estrat\u00e9gica con el fin de obtener resultados deseados para el futuro de la empresa.<\/p><\/div><\/div>\n<\/div>\n<\/div>\n<\/div><\/div>\n\n\n\n<div class=\"wp-block-uagb-container uagb-block-88b50cac alignfull uagb-is-root-container\">\n<div class=\"wp-block-uagb-container uagb-block-cb17c34e\"><\/div>\n\n\n\n<div class=\"wp-block-uagb-container uagb-block-a2a69336\">\n<div class=\"wp-block-uagb-advanced-heading uagb-block-1bf8ff65\"><h2 class=\"uagb-heading-text\">\u00bfPorqu\u00e9 escogernos?\u200b<\/h2><p class=\"uagb-desc-text\">Somos un equipo de profesionales multidisciplinarios comprometidos a brindar servicios de capacitaci\u00f3n, formaci\u00f3n y asesoramiento de calidad, obteniendo para el cliente resultados efectivos para sus proyectos.<\/p><\/div>\n\n\n\n<div class=\"wp-block-uagb-container uagb-block-63bbc318\">\n<div class=\"wp-block-uagb-faq uagb-faq__outer-wrap uagb-block-b0bb9358 uagb-faq-icon-row-reverse uagb-faq-layout-accordion uagb-faq-expand-first-true uagb-faq-inactive-other-true uagb-faq__wrap uagb-buttons-layout-wrap uagb-faq-equal-height\" data-faqtoggle=\"true\" role=\"tablist\">\n<div class=\"wp-block-uagb-faq-child uagb-faq-child__outer-wrap uagb-faq-item uagb-block-5061661a\" role=\"tab\" tabindex=\"0\"><div class=\"uagb-faq-questions-button uagb-faq-questions\"><span class=\"uagb-icon uagb-faq-icon-wrap\"><svg xmlns=\"https:\/\/www.w3.org\/2000\/svg\" viewBox=\"0 0 512 512\"><path d=\"M0 256C0 114.6 114.6 0 256 0C397.4 0 512 114.6 512 256C512 397.4 397.4 512 256 512C114.6 512 0 397.4 0 256zM256 368C269.3 368 280 357.3 280 344V280H344C357.3 280 368 269.3 368 256C368 242.7 357.3 232 344 232H280V168C280 154.7 269.3 144 256 144C242.7 144 232 154.7 232 168V232H168C154.7 232 144 242.7 144 256C144 269.3 154.7 280 168 280H232V344C232 357.3 242.7 368 256 368z\"><\/path><\/svg><\/span><span class=\"uagb-icon-active uagb-faq-icon-wrap\"><svg xmlns=\"https:\/\/www.w3.org\/2000\/svg\" viewBox=\"0 0 512 512\"><path d=\"M0 256C0 114.6 114.6 0 256 0C397.4 0 512 114.6 512 256C512 397.4 397.4 512 256 512C114.6 512 0 397.4 0 256zM168 232C154.7 232 144 242.7 144 256C144 269.3 154.7 280 168 280H344C357.3 280 368 269.3 368 256C368 242.7 357.3 232 344 232H168z\"><\/path><\/svg><\/span><span class=\"uagb-question\">Cursos empresariales<\/span><\/div><p class=\"uagb-faq-content\">Tenemos variedad de cursos con temas de actualidad que generan valor y se adaptan a las necesidades del cliente.<\/p><\/div>\n\n\n\n<div class=\"wp-block-uagb-faq-child uagb-faq-child__outer-wrap uagb-faq-item uagb-block-5c363328\" role=\"tab\" tabindex=\"0\"><div class=\"uagb-faq-questions-button uagb-faq-questions\"><span class=\"uagb-icon uagb-faq-icon-wrap\"><svg xmlns=\"https:\/\/www.w3.org\/2000\/svg\" viewBox=\"0 0 512 512\"><path d=\"M0 256C0 114.6 114.6 0 256 0C397.4 0 512 114.6 512 256C512 397.4 397.4 512 256 512C114.6 512 0 397.4 0 256zM256 368C269.3 368 280 357.3 280 344V280H344C357.3 280 368 269.3 368 256C368 242.7 357.3 232 344 232H280V168C280 154.7 269.3 144 256 144C242.7 144 232 154.7 232 168V232H168C154.7 232 144 242.7 144 256C144 269.3 154.7 280 168 280H232V344C232 357.3 242.7 368 256 368z\"><\/path><\/svg><\/span><span class=\"uagb-icon-active uagb-faq-icon-wrap\"><svg xmlns=\"https:\/\/www.w3.org\/2000\/svg\" viewBox=\"0 0 512 512\"><path d=\"M0 256C0 114.6 114.6 0 256 0C397.4 0 512 114.6 512 256C512 397.4 397.4 512 256 512C114.6 512 0 397.4 0 256zM168 232C154.7 232 144 242.7 144 256C144 269.3 154.7 280 168 280H344C357.3 280 368 269.3 368 256C368 242.7 357.3 232 344 232H168z\"><\/path><\/svg><\/span><span class=\"uagb-question\">Servicio personalizado<\/span><\/div><p class=\"uagb-faq-content\">Entendemos que cada cliente es \u00fanico, por lo que adaptamos nuestros servicios para satisfacer tus necesidades individuales, ya sea en el \u00e1mbito acad\u00e9mico o empresarial.<\/p><\/div>\n\n\n\n<div class=\"wp-block-uagb-faq-child uagb-faq-child__outer-wrap uagb-faq-item uagb-block-e42493d6\" role=\"tab\" tabindex=\"0\"><div class=\"uagb-faq-questions-button uagb-faq-questions\"><span class=\"uagb-icon uagb-faq-icon-wrap\"><svg xmlns=\"https:\/\/www.w3.org\/2000\/svg\" viewBox=\"0 0 512 512\"><path d=\"M0 256C0 114.6 114.6 0 256 0C397.4 0 512 114.6 512 256C512 397.4 397.4 512 256 512C114.6 512 0 397.4 0 256zM256 368C269.3 368 280 357.3 280 344V280H344C357.3 280 368 269.3 368 256C368 242.7 357.3 232 344 232H280V168C280 154.7 269.3 144 256 144C242.7 144 232 154.7 232 168V232H168C154.7 232 144 242.7 144 256C144 269.3 154.7 280 168 280H232V344C232 357.3 242.7 368 256 368z\"><\/path><\/svg><\/span><span class=\"uagb-icon-active uagb-faq-icon-wrap\"><svg xmlns=\"https:\/\/www.w3.org\/2000\/svg\" viewBox=\"0 0 512 512\"><path d=\"M0 256C0 114.6 114.6 0 256 0C397.4 0 512 114.6 512 256C512 397.4 397.4 512 256 512C114.6 512 0 397.4 0 256zM168 232C154.7 232 144 242.7 144 256C144 269.3 154.7 280 168 280H344C357.3 280 368 269.3 368 256C368 242.7 357.3 232 344 232H168z\"><\/path><\/svg><\/span><span class=\"uagb-question\">Transformaci\u00f3n digital<\/span><\/div><p class=\"uagb-faq-content\">Crea una cultura digital y beneficia al talento humano con procesos automatizados. Incrementa la satisfacci\u00f3n del cliente, fomenta la cultura digital y la colaboraci\u00f3n de tu organizaci\u00f3n, vive la experiencia de metodolog\u00edas \u00e1giles que entregan resultados eficientes en tus procesos.<\/p><\/div>\n\n\n\n<div class=\"wp-block-uagb-faq-child uagb-faq-child__outer-wrap uagb-faq-item uagb-block-59b59359\" role=\"tab\" tabindex=\"0\"><div class=\"uagb-faq-questions-button uagb-faq-questions\"><span class=\"uagb-icon uagb-faq-icon-wrap\"><svg xmlns=\"https:\/\/www.w3.org\/2000\/svg\" viewBox=\"0 0 512 512\"><path d=\"M0 256C0 114.6 114.6 0 256 0C397.4 0 512 114.6 512 256C512 397.4 397.4 512 256 512C114.6 512 0 397.4 0 256zM256 368C269.3 368 280 357.3 280 344V280H344C357.3 280 368 269.3 368 256C368 242.7 357.3 232 344 232H280V168C280 154.7 269.3 144 256 144C242.7 144 232 154.7 232 168V232H168C154.7 232 144 242.7 144 256C144 269.3 154.7 280 168 280H232V344C232 357.3 242.7 368 256 368z\"><\/path><\/svg><\/span><span class=\"uagb-icon-active uagb-faq-icon-wrap\"><svg xmlns=\"https:\/\/www.w3.org\/2000\/svg\" viewBox=\"0 0 512 512\"><path d=\"M0 256C0 114.6 114.6 0 256 0C397.4 0 512 114.6 512 256C512 397.4 397.4 512 256 512C114.6 512 0 397.4 0 256zM168 232C154.7 232 144 242.7 144 256C144 269.3 154.7 280 168 280H344C357.3 280 368 269.3 368 256C368 242.7 357.3 232 344 232H168z\"><\/path><\/svg><\/span><span class=\"uagb-question\">Coaching and Mentoring<\/span><\/div><p class=\"uagb-faq-content\">Tenemos los mejores coach que pueden asesorarte y prepararte para cumplir con tus metas y mentores que te acompa\u00f1en para el desarrollo y superaci\u00f3n personal.<\/p><\/div>\n\n\n\n<div class=\"wp-block-uagb-faq-child uagb-faq-child__outer-wrap uagb-faq-item uagb-block-f3345562\" role=\"tab\" tabindex=\"0\"><div class=\"uagb-faq-questions-button uagb-faq-questions\"><span class=\"uagb-icon uagb-faq-icon-wrap\"><svg xmlns=\"https:\/\/www.w3.org\/2000\/svg\" viewBox=\"0 0 512 512\"><path d=\"M0 256C0 114.6 114.6 0 256 0C397.4 0 512 114.6 512 256C512 397.4 397.4 512 256 512C114.6 512 0 397.4 0 256zM256 368C269.3 368 280 357.3 280 344V280H344C357.3 280 368 269.3 368 256C368 242.7 357.3 232 344 232H280V168C280 154.7 269.3 144 256 144C242.7 144 232 154.7 232 168V232H168C154.7 232 144 242.7 144 256C144 269.3 154.7 280 168 280H232V344C232 357.3 242.7 368 256 368z\"><\/path><\/svg><\/span><span class=\"uagb-icon-active uagb-faq-icon-wrap\"><svg xmlns=\"https:\/\/www.w3.org\/2000\/svg\" viewBox=\"0 0 512 512\"><path d=\"M0 256C0 114.6 114.6 0 256 0C397.4 0 512 114.6 512 256C512 397.4 397.4 512 256 512C114.6 512 0 397.4 0 256zM168 232C154.7 232 144 242.7 144 256C144 269.3 154.7 280 168 280H344C357.3 280 368 269.3 368 256C368 242.7 357.3 232 344 232H168z\"><\/path><\/svg><\/span><span class=\"uagb-question\">Cursos avalados y certificados<\/span><\/div><p class=\"uagb-faq-content\">Tenemos programas de capacitaci\u00f3n avalados y certificados por nuestros prestigiosos aliados estrat\u00e9gicos.<\/p><\/div>\n\n\n\n<div class=\"wp-block-uagb-faq-child uagb-faq-child__outer-wrap uagb-faq-item uagb-block-2bef9ff4\" role=\"tab\" tabindex=\"0\"><div class=\"uagb-faq-questions-button uagb-faq-questions\"><span class=\"uagb-icon uagb-faq-icon-wrap\"><svg xmlns=\"https:\/\/www.w3.org\/2000\/svg\" viewBox=\"0 0 512 512\"><path d=\"M0 256C0 114.6 114.6 0 256 0C397.4 0 512 114.6 512 256C512 397.4 397.4 512 256 512C114.6 512 0 397.4 0 256zM256 368C269.3 368 280 357.3 280 344V280H344C357.3 280 368 269.3 368 256C368 242.7 357.3 232 344 232H280V168C280 154.7 269.3 144 256 144C242.7 144 232 154.7 232 168V232H168C154.7 232 144 242.7 144 256C144 269.3 154.7 280 168 280H232V344C232 357.3 242.7 368 256 368z\"><\/path><\/svg><\/span><span class=\"uagb-icon-active uagb-faq-icon-wrap\"><svg xmlns=\"https:\/\/www.w3.org\/2000\/svg\" viewBox=\"0 0 512 512\"><path d=\"M0 256C0 114.6 114.6 0 256 0C397.4 0 512 114.6 512 256C512 397.4 397.4 512 256 512C114.6 512 0 397.4 0 256zM168 232C154.7 232 144 242.7 144 256C144 269.3 154.7 280 168 280H344C357.3 280 368 269.3 368 256C368 242.7 357.3 232 344 232H168z\"><\/path><\/svg><\/span><span class=\"uagb-question\">Direcci\u00f3n Estrat\u00e9gica<\/span><\/div><p class=\"uagb-faq-content\">Brindamos el servicio de asesoramiento estrat\u00e9gico para ayudarte a tomar las mejores decisiones para encaminar a tu empresa a un futuro deseado.<\/p><\/div>\n<\/div>\n<\/div>\n<\/div>\n<\/div>\n\n\n\n<div class=\"wp-block-uagb-container uagb-block-dd4b6dd0 alignfull uagb-is-root-container\"><div class=\"uagb-container-inner-blocks-wrap\">\n<div class=\"wp-block-uagb-container uagb-block-cdf6d93e\">\n<div class=\"wp-block-uagb-advanced-heading uagb-block-89bd67ed\"><h4 class=\"uagb-heading-text\">Algunos n\u00fameros<\/h4><p class=\"uagb-desc-text\">Gracias por confiar en nosotros.<\/p><\/div>\n<\/div>\n\n\n\n<div class=\"wp-block-uagb-container uagb-block-2f0c58fe\">\n<div class=\"wp-block-uagb-container uagb-block-1d45461d\">\n<div class=\"wp-block-uagb-advanced-heading uagb-block-4919550c\"><h2 class=\"uagb-heading-text\">87<\/h2><\/div>\n<\/div>\n\n\n\n<div class=\"wp-block-uagb-container uagb-block-b55420f4\">\n<div class=\"wp-block-uagb-advanced-heading uagb-block-48f9ba88\"><h6 class=\"uagb-heading-text\"><strong>Clientes satisfechos<\/strong><\/h6><\/div>\n<\/div>\n<\/div>\n\n\n\n<div class=\"wp-block-uagb-container uagb-block-518abee3\">\n<div class=\"wp-block-uagb-container uagb-block-0cf584b0\">\n<div class=\"wp-block-uagb-advanced-heading uagb-block-8ce30562\"><h2 class=\"uagb-heading-text\">0<br>8<\/h2><\/div>\n<\/div>\n\n\n\n<div class=\"wp-block-uagb-container uagb-block-bb9bec84\">\n<div class=\"wp-block-uagb-advanced-heading uagb-block-38831a63\"><h6 class=\"uagb-heading-text\"><strong><strong>Proyectos terminados<\/strong><\/strong><\/h6><\/div>\n<\/div>\n<\/div>\n\n\n\n<div class=\"wp-block-uagb-container uagb-block-17fbed0b\">\n<div class=\"wp-block-uagb-container uagb-block-ea12e9d3\">\n<div class=\"wp-block-uagb-advanced-heading uagb-block-3ca693aa\"><h2 class=\"uagb-heading-text\">23<\/h2><\/div>\n<\/div>\n\n\n\n<div class=\"wp-block-uagb-container uagb-block-f04141ae\">\n<div class=\"wp-block-uagb-advanced-heading uagb-block-664ff71c\"><h6 class=\"uagb-heading-text\">Capacitaciones online<\/h6><\/div>\n<\/div>\n<\/div>\n\n\n\n<div class=\"wp-block-uagb-container uagb-block-48a804a9\">\n<div class=\"wp-block-uagb-container uagb-block-5b8cb58f\">\n<div class=\"wp-block-uagb-advanced-heading uagb-block-9aa86f24\"><h2 class=\"uagb-heading-text\">56K+<\/h2><\/div>\n<\/div>\n\n\n\n<div class=\"wp-block-uagb-container uagb-block-84aedb86\">\n<div class=\"wp-block-uagb-advanced-heading uagb-block-2a3d15dc\"><h6 class=\"uagb-heading-text\">Clase<br>magistral<\/h6><\/div>\n<\/div>\n<\/div>\n<\/div><\/div>\n\n\n\n<div class=\"wp-block-uagb-container uagb-block-1e4df7ed alignfull uagb-is-root-container\"><div class=\"uagb-container-inner-blocks-wrap\">\n<div class=\"wp-block-uagb-container uagb-block-e987fbe7\">\n<div class=\"wp-block-uagb-container uagb-block-a67bcfc7\">\n<div class=\"wp-block-uagb-advanced-heading uagb-block-b33699a9\"><h3 class=\"uagb-heading-text\">\u00bfTe gustar\u00eda iniciar una capacitaci\u00f3n con nosotros?<\/h3><p class=\"uagb-desc-text\">Una capacitaci\u00f3n continua garantiza a los profesionales conocimientos de la actualidad que marcan la diferencia, obteniendo resultados de alto rendimiento en el \u00e1mbito laboral como tambi\u00e9n en incrementar su motivaci\u00f3n profesional.<\/p><\/div>\n<\/div>\n\n\n\n<div class=\"wp-block-uagb-container uagb-block-7c964ee0\">\n<div class=\"wp-block-uagb-buttons uagb-buttons__outer-wrap uagb-btn__default-btn uagb-btn-tablet__default-btn uagb-btn-mobile__default-btn uagb-block-437ffeb3\"><div class=\"uagb-buttons__wrap uagb-buttons-layout-wrap\">\n<div class=\"wp-block-uagb-buttons-child uagb-buttons__outer-wrap uagb-block-422273dd wp-block-button\"><div class=\"uagb-button__wrapper\"><a class=\"uagb-buttons-repeater wp-block-button__link\" href=\"https:\/\/wa.me\/593980953141\/?text=Bienvenidos\" onclick=\"return true;\" rel=\"follow noopener\" target=\"_self\"><div class=\"uagb-button__link\">(593) 98-095-3141<\/div><\/a><\/div><\/div>\n<\/div><\/div>\n<\/div>\n<\/div>\n<\/div><\/div>\n","protected":false},"excerpt":{"rendered":"<p>Nuestros Objetivos \u00bfPorqu\u00e9 escogernos?\u200b Somos un equipo de profesionales multidisciplinarios comprometidos a brindar servicios de capacitaci\u00f3n, formaci\u00f3n y asesoramiento de calidad, obteniendo para el cliente resultados efectivos para sus proyectos. Algunos n\u00fameros Gracias por confiar en nosotros. 87 Clientes satisfechos 08 Proyectos terminados 23 Capacitaciones online 56K+ Clasemagistral \u00bfTe gustar\u00eda iniciar una capacitaci\u00f3n con nosotros? &hellip;<\/p>\n<p class=\"read-more\"> <a class=\"\" href=\"https:\/\/elearnika.com\/index.php\/about\/\"> <span class=\"screen-reader-text\">Quienes somos<\/span> Leer m\u00e1s &raquo;<\/a><\/p>\n","protected":false},"author":1,"featured_media":0,"parent":0,"menu_order":0,"comment_status":"closed","ping_status":"closed","template":"","meta":{"om_disable_all_campaigns":false,"_uag_custom_page_level_css":"","_mi_skip_tracking":false,"_monsterinsights_sitenote_active":false,"_monsterinsights_sitenote_note":"","_monsterinsights_sitenote_category":0,"site-sidebar-layout":"no-sidebar","site-content-layout":"page-builder","ast-site-content-layout":"full-width-container","site-content-style":"unboxed","site-sidebar-style":"unboxed","ast-global-header-display":"","ast-banner-title-visibility":"","ast-main-header-display":"","ast-hfb-above-header-display":"","ast-hfb-below-header-display":"","ast-hfb-mobile-header-display":"","site-post-title":"disabled","ast-breadcrumbs-content":"","ast-featured-img":"disabled","footer-sml-layout":"","theme-transparent-header-meta":"enabled","adv-header-id-meta":"","stick-header-meta":"","header-above-stick-meta":"","header-main-stick-meta":"","header-below-stick-meta":"","astra-migrate-meta-layouts":"set","footnotes":""},"aioseo_notices":[],"uagb_featured_image_src":{"full":false,"thumbnail":false,"medium":false,"medium_large":false,"large":false,"1536x1536":false,"2048x2048":false},"uagb_author_info":{"display_name":"elearnikadigital@gmail.com","author_link":"https:\/\/elearnika.com\/index.php\/author\/elearnikadigitalgmail-com\/"},"uagb_comment_info":0,"uagb_excerpt":"Nuestros Objetivos \u00bfPorqu\u00e9 escogernos?\u200b Somos un equipo de profesionales multidisciplinarios comprometidos a brindar servicios de capacitaci\u00f3n, formaci\u00f3n y asesoramiento de calidad, obteniendo para el cliente resultados efectivos para sus proyectos. Algunos n\u00fameros Gracias por confiar en nosotros. 87 Clientes satisfechos 08 Proyectos terminados 23 Capacitaciones online 56K+ Clasemagistral \u00bfTe gustar\u00eda iniciar una capacitaci\u00f3n con nosotros?&hellip;","_links":{"self":[{"href":"https:\/\/elearnika.com\/index.php\/wp-json\/wp\/v2\/pages\/1490"}],"collection":[{"href":"https:\/\/elearnika.com\/index.php\/wp-json\/wp\/v2\/pages"}],"about":[{"href":"https:\/\/elearnika.com\/index.php\/wp-json\/wp\/v2\/types\/page"}],"author":[{"embeddable":true,"href":"https:\/\/elearnika.com\/index.php\/wp-json\/wp\/v2\/users\/1"}],"replies":[{"embeddable":true,"href":"https:\/\/elearnika.com\/index.php\/wp-json\/wp\/v2\/comments?post=1490"}],"version-history":[{"count":21,"href":"https:\/\/elearnika.com\/index.php\/wp-json\/wp\/v2\/pages\/1490\/revisions"}],"predecessor-version":[{"id":2630,"href":"https:\/\/elearnika.com\/index.php\/wp-json\/wp\/v2\/pages\/1490\/revisions\/2630"}],"wp:attachment":[{"href":"https:\/\/elearnika.com\/index.php\/wp-json\/wp\/v2\/media?parent=1490"}],"curies":[{"name":"wp","href":"https:\/\/api.w.org\/{rel}","templated":true}]}}